ase 12.
-340
What is 4436 (base 14) in base 8?
27040
-851 (base 10) to base 6
-3535
-10011001110 (base 2) to base 11
-a19
Convert -2640 (base 14) to base 2.
-1101001000000
Convert 12168 (base 9) to base 10.
8162
Convert -11021 (base 3) to base 4.
-1303
Convert 799 (base 16) to base 8.
3631
10663 (base 15) to base 11
36135
Convert -40011 (base 6) to base 11.
-399a
What is 3043 (base 10) in base 16?
be3
Convert 11315 (base 9) to base 10.
7547
-221 (base 15) to base 8
-741
Convert 529 (base 10) to base 5.
4104
8ce (base 15) to base 2
11111001010
Convert -655 (base 12) to base 9.
-1242
Convert -313301 (base 6) to base 4.
-12030211
What is 11341 (base 5) in base 13?
501
-50a (base 13) to base 4
-31113
Convert 533 (base 8) to base 13.
209
Convert -1bd2 (base 16) to base 6.
-52550
What is 346 (base 7) in base 9?
221
-e7 (base 16) to base 3
-22120
1246 (base 10) to base 7
3430
a003 (base 12) to base 16
4383
-1242 (base 10) to base 16
-4da
12205 (base 8) to base 14
1cb3
Convert -20412 (base 5) to base 14.
-6cd
18d8 (base 16) to base 2
1100011011000
What is 232332 (base 4) in base 8?
5676
What is -145 (base 10) in base 6?
-401
Convert -7137 (base 13) to base 3.
-210101120
2000121 (base 3) to base 13
895
1001001001111 (base 2) to base 12
2867
Convert 2054 (base 13) to base 4.
1011233
15514 (base 8) to base 6
52204
Convert -3021 (base 4) to base 11.
-173
-1010010101110 (base 2) to base 7
-21302
What is 1323 (base 6) in base 15?
179
What is 1102101 (base 3) in base 12?
724
What is -212020 (base 4) in base 13?
-1159
Convert a537 (base 12) to base 9.
26667
Convert 1352 (base 11) to base 6.
12035
21644 (base 14) to base 9
132761
-5208 (base 10) to base 6
-40040
Convert 587 (base 14) to base 15.
4d4
Convert -149 (base 13) to base 7.
-446
Convert 2b40 (base 12) to base 4.
1033200
Convert 36102 (base 8) to base 5.
443201
What is -8b6b (base 14) in base 7?
-130364
-8237 (base 9) to base 5
-143103
What is -120000 (base 3) in base 2?
-110010101
Convert -1221012 (base 4) to base 11.
-5065
Convert 5b4 (base 13) to base 8.
1740
713 (base 9) to base 8
1103
-5143 (base 6) to base 11
-94a
Convert 52242 (base 7) to base 13.
5ab1
403 (base 5) to base 13
7c
-ebf (base 16) to base 8
-7277
21210122 (base 3) to base 8
13067
-113303 (base 6) to base 15
-2da6
Convert -22132 (base 5) to base 16.
-606
Convert -1201001202 (base 3) to base 4.
-20030231
What is -b58 (base 15) in base 4?
-213332
Convert 4b77 (base 14) to base 13.
6043
What is 126016 (base 7) in base 15?
703a
What is -1131221 (base 4) in base 15?
-1b98
Convert 111000011 (base 2) to base 10.
451
Convert 364 (base 12) to base 7.
1324
Convert 10b (base 13) to base 2.
10110100
Convert 25033 (base 7) to base 14.
2553
Convert -10c03 (base 15) to base 2.
-1101000001010000
What is -6795 (base 10) in base 14?
-2695
Convert 2222122202 (base 3) to base 6.
1132115
Convert -301042 (base 5) to base 6.
-112030
-50756 (base 9) to base 14
-c275
What is 334023 (base 6) in base 3?
1102112120
Convert 1000000110111 (base 2) to base 3.
12200202
1484 (base 11) to base 13
b39
-5a7a (base 15) to base 4
-10230220
Convert -32eb (base 15) to base 9.
-15725
What is -39a8 (base 12) in base 4?
-1213100
Convert 874 (base 12) to base 15.
57a
Convert 40 (base 14) to base 9.
62
What is -6201 (base 7) in base 12?
-12b9
-3020 (base 16) to base 9
-17808
Convert 431 (base 6) to base 16.
a3
What is -12220011 (base 3) in base 10?
-4297
What is -2699 (base 11) in base 12?
-2034
What is -117144 (base 8) in base 11?
-28512
-1633 (base 12) to base 14
-d5d
Convert -ab2 (base 14) to base 7.
-6112
What is 114 (base 14) in base 10?
214
What is -1000001110 (base 2) in base 3?
-201111
Convert -142006 (base 7) to base 5.
-1331403
-26843 (base 9) to base 13
-8379
-334 (base 10) to base 16
-14e
What is 22231 (base 4) in base 16?
2ad
-44a14 (base 11) to base 2
-1111111001011001
Convert 30312 (base 6) to base 10.
4004
Convert 55276 (base 10) to base 15.
115a1
-9a19 (base 13) to base 7
-116432
Convert 10221022 (base 3) to base 6.
21142
What is 492 (base 13) in base 11?
663
-13341 (base 8) to base 14
-21c5
-94c (base 14) to base 2
-11100101000
21122120 (base 3) to base 5
134302
1433 (base 7) to base 15
278
-221c (base 13) to base 7
-16604
Convert -11011000011 (base 2) to base 4.
-123003
What is -71a2 (base 14) in base 8?
-46132
What is 1110100011010111 (base 2) in base 13?
21192
Convert 183d7 (base 14) to base 3.
10002212122
What is 2413022 (base 5) in base 7?
244334
What is -10212002 (base 3) in base 14?
-104a
-10e (base 16) to base 11
-226
Convert -113320 (base 6) to base 13.
-462c
-4234 (base 9) to base 14
-11c1
What is 1140421 (base 5) in base 15?
64e1
1b0a (base 12) to base 15
eb7
What is 265 (base 8) in base 10?
181
1303 (base 7) to base 5
3433
Convert -5445 (base 11) to base 6.
-53140
Convert -44301 (base 5) to base 7.
-11653
Convert -201121112 (base 3) to base 11.
-a818
What is 1436 (base 9) in base 11?
8a8
What is -120066 (base 7) in base 11?
-152a9
Convert -2146 (base 10) to base 4.
-201202
Convert -1331 (base 6) to base 2.
-101010111
Convert -103231 (base 5) to base 10.
-3566
What is 22202121 (base 3) in base 16?
18f4
Convert -6447 (base 13) to base 5.
-421132
29750 (base 11) to base 14
11519
50853 (base 9) to base 6
415033
Convert -9a (base 14) to base 5.
-1021
-3314 (base 5) to base 16
-1cb
Convert -3b (base 12) to base 3.
-1202
Convert 55565 (base 7) to base 3.
201012222
-24576 (base 8) to base 13
-4ab1
What is 7792 (base 13) in base 9?
24784
What is -798 (base 10) in base 15?
-383
1354 (base 7) to base 2
1000010001
What is 13530 (base 10) in base 15?
4020
What is -1118 (base 14) in base 13?
-146b
Convert -10132120 (base 4) to base 10.
-18328
-38753 (base 12) to base 13
-29130
Convert -2805 (base 11) to base 6.
-24455
-186 (base 10) to base 6
-510
668 (base 11) to base 6
3412
-524 (base 9) to base 15
-1d7
Convert -5cd9 (base 15) to base 4.
-10311003
What is 149 (base 13) in base 3?
22112
Convert -4112443 (base 5) to base 9.
-111345
What is -511 (base 10) in base 13?
-304
Convert -658 (base 12) to base 15.
-422
What is 407 (base 8) in base 15?
128
Convert -2432 (base 11) to base 15.
-e21
Convert 1230 (base 7) to base 12.
326
-4004 (base 9) to base 14
-10c8
15303 (base 7) to base 3
12212000
What is 13404 (base 6) in base 8?
4054
Convert 1011 (base 3) to base 12.
27
What is 1205a (base 11) in base 3?
212211021
Convert -224 (base 11) to base 2.
-100001100
Convert -13561 (base 7) to base 11.
-2880
-1230230 (base 6) to base 5
-4104221
What is 4233 (base 5) in base 4?
20320
What is -5063 (base 11) in base 15?
-1ed4
Convert -44052 (base 6) to base 3.
-22100012
-775 (base 12) to base 3
-1111122
What is -3235 (base 6) in base 4?
-23213
Convert -1102221 (base 3) to base 2.
-10000011011
What is 432c (base 14) in base 4?
2311110
What is 32110 (base 4) in base 5?
12131
What is 111370 (base 8) in base 5?
2200444
Convert 17d8 (base 14) to base 13.
1c63
Convert 39b (base 16) to base 8.
1633
Convert 20756 (base 8) to base 5.
234221
Convert -15422 (base 6) to base 10.
-2534
What is -258 (base 13) in base 12?
-2a3
Convert -5334 (base 7) to base 2.
-11101011111
What is 43355 (base 6) in base 8?
13527
Convert a19e (base 15) to base 6.
421552
What is -a35 (base 16) in base 12?
-1619
-a9 (base 16) to base 10
-169
What is 103313 (base 5) in base 13?
1828
244 (base 15) to base 10
514
Convert 36345 (base 9) to base 6.
304405
579b (base 13) to base 6
132532
Convert -10100110 (base 2) to base 3.
-20011
-1122202 (base 3) to base 15
-558
What is -406 (base 11) in base 7?
-1300
Convert -35 (base 12) to base 6.
-105
What is 32110 (base 9) in base 16?
52ef
6a3 (base 16) to base 7
4645
Convert -10000111110001 (base 2) to base 14.
-3249
Convert 22133 (base 4) to base 5.
10141
What is -11010000000001 (base 2) in base 6?
-141345
Convert b375 (base 12) to base 3.
222210022
Convert 12547 (base 9) to base 10.
8467
What is 20431 (base 5) in base 13?
811
20110222 (base 3) to base 7
16526
What is -5755 (base 12) in base 13?
-4562
What is 4122 (base 8) in base 2?
100001010010
Convert 6210 (base 7) to base 5.
32123
Convert 27109 (base 11) to base 9.
58112
What is -466 (base 15) in base 4?
-33210
-1001110111111 (base 2) to base 14
-1bb1
What is 6157 (base 9) in base 15?
1507
Convert 90c2 (base 13) to ba